)/32). Calculate the greatest common divisor of 24 and v.
24
Let v = -34 - -59. What is the highest common factor of 10 and v?
5
Suppose 0 = -a - 6 + 16. Suppose 58 = 3*h - 32. What is the greatest common divisor of a and h?
10
Let f(z) = 2*z**2 - 2*z - 6. Suppose -10 - 6 = 4*a - w, 2*a + 3*w + 22 = 0. Let o be f(a). What is the highest common factor of 18 and o?
18
Suppose 0 = -r - 0*w + w + 8, -5*r - 4*w = -22. What is the highest common divisor of r and 2?
2
Let i be 1 + -1 + (3 - 1). Suppose i*a - 3*a = 0. Let n = 9 - a. Calculate the highest common divisor of n and 81.
9
Suppose 5*z - 7 - 263 = 0. What is the greatest common divisor of 135 and z?
27
Let m be -2*(-3)/(-12)*22. Let f = 1 - m. Let d = -6 + f. What is the highest common factor of d and 36?
6
Let q be (-1 + -2)*(-8 + 1). What is the highest common divisor of q and 231?
21
Let q(u) = -u**2 + 14*u - 35. Let j be q(10). What is the highest common factor of j and 55?
5
Let h(k) = 25*k**3 - k**2 - 2*k - 1. Let v be h(-1). Let s = -5 - v. What is the highest common factor of 5 and s?
5
Suppose 4*b - 4 = 2*z, -4*b + z + 0 = -6. Let v be 3 + b/(-1) - -10. What is the greatest common divisor of v and 11?
11
Suppose -7*t + 2*t + 120 = 0. Suppose 0 = -5*v + t + 1. Calculate the highest common factor of 5 and v.
5
Let h(s) = s - 3. Let l be h(17). What is the highest common factor of 56 and l?
14
Let c = 30 + -27. Calculate the greatest common factor of 3 and c.
3
Let f be ((18/3)/(-3))/(14/(-7)). Calculate the highest common divisor of f and 6.
1
Let i = 14 + -7. Let r = -23 + 85. Let f = -34 + r. What is the greatest common divisor of i and f?
7
Suppose 58 = -3*t + 112. What is the greatest common factor of 18 and t?
18
Let y be (-6)/(-3) - (-40)/8. What is the highest common factor of y and 7?
7
Let c be (-474)/(-18) + 2/3. Suppose 3*l - 3*f = f + c, 0 = -3*f. Let w be 2*4/16*18. What is the greatest common divisor of l and w?
9
Suppose -m = -2*v - 0*m + 17, v - 4*m - 12 = 0. Let n(l) = l**2 - 4*l - 8. Let k be n(12). What is the highest common divisor of k and v?
8
Let k be 2/4 - 110/(-4). Suppose 4*b - d = -17 - 158, -70 = b + 5*d. Let t = 87 + b. Calculate the greatest common factor of k and t.
14
Suppose 6*h + 3*j = 3*h + 66, -j = -5*h + 86. Let m be 2/(-12) - (-3028)/24. Calculate the greatest common divisor of h and m.
18
Suppose 2*b = 5 - 1. Let x(j) = -j**3 + 3*j**2 - 1. Let g be x(1). Let p be b - 0 - (g + -1). What is the highest common factor of 5 and p?
1
Suppose 4*f = -7*j + 3*j - 36, 2*f = j - 9. Let z be ((-20)/3)/(2/f). Calculate the greatest common divisor of z and 140.
20
Let q = -2 - -10. Let p be ((-4)/(-3))/(2/6). Let z be (p/10)/((-2)/(-120)). What is the highest common factor of q and z?
8
Suppose -v + 5*d = 10 - 2, 2*v - 10 = -3*d. Suppose 0 = -3*z + 2*z + 3*c + 34, -z + 5*c = -40. Let g = -24 + z. What is the highest common divisor of g and v?
1
Suppose 3*s - w = 15, -4*s - 5*w + 1 + 19 = 0. Suppose 2*x = -3*g + x + 27, 3*g - 5*x = 45. Calculate the greatest common factor of s and g.
5
Let i be ((-504)/(-16))/(1/2). What is the greatest common factor of 42 and i?
21
Let p = 18 + -8. Let r(s) = 5*s**2 + 3*s + 1. Let n(k) = -k**3 + 5*k**2 - 2. Let y be n(5). Let l be r(y). What is the highest common divisor of l and p?
5
Suppose -163 = -3*g + 173. Suppose o = 3*o - 32. What is the highest common divisor of g and o?
16
Let v(h) = -h**2 - 4*h + 16. Let c be v(0). What is the greatest common divisor of 24 and c?
8
Let r be -2 + 6 - 2/1. Suppose -6*s = -3*s. Suppose -g + r*m = -126, -2*m - 3*m - 15 = s. What is the greatest common divisor of g and 15?
15
Let x be 1/((-2)/(-48)) - (9 - 12). Calculate the greatest common factor of x and 36.
9
Let g(d) = 32*d + 6. Let r be g(6). What is the greatest common factor of 18 and r?
18
Let f be 1 - 3/((-9)/15). Let t = f + -2. What is the highest common divisor of 10 and t?
2
Let y = 1 - -1. Let c(n) = n**3 - 8*n**2 - 7*n - 12. Let i be c(9). Suppose z - y*z = -i. Calculate the highest common divisor of 54 and z.
6
Let j = 1 + 4. Suppose 0 = -4*p + y - j, 4*p - 2*y = -0 - 2. Let z be p*1 + (-1 - -16). What is the highest common factor of 91 and z?
13
Suppose 3*f = j + 30, 4*j - 2*j + 4*f + 50 = 0. Let q = j - -42. Calculate the greatest common divisor of 10 and q.
5
Let y = 114 - 106. Calculate the highest common divisor of y and 2.
2
Suppose 0*v - 4*v = -384. Calculate the highest common divisor of v and 64.
32
Let f = 70 - 34. Let w = 19 + 5. What is the highest common divisor of f and w?
12
Let o(q) = q**2 + q. Let w be o(-1). Suppose w = 5*p - 3*z - 5, p - 2*z + 0 = -6. Suppose 8 = 3*s - s. Calculate the highest common divisor of s and p.
4
Let u be 195/12 + 2/(-8). What is the greatest common factor of 8 and u?
8
Suppose -309 = -2*v - 3*t, -2*t - 42 = v - 194. What is the highest common factor of 6 and v?
6
Suppose -2*b - 2 = -12. Suppose -b*j + 12 = -2*j. Suppose 2 = -j*s + 10. Calculate the greatest common factor of 18 and s.
2
Let m(z) = -z + 7. Suppose -4*i + 7*i + 18 = 0. Let c be m(i). What is the highest common factor of c and 65?
13
Suppose -5*y - 43 = -883. Let k(w) = -23*w**3 - w**2 - 2*w. Let u be k(-1). Calculate the greatest common factor of y and u.
24
Let r(i) = -i**2 - 10*i - 7. Let d be r(-9). Suppose 0 = 2*u + d*u - 440. Calculate the highest common divisor of u and 11.
11
Let w be 2 - (4 - 4) - -54. Calculate the greatest common divisor of w and 8.
8
Let w be 2*4 + (14 - 7 - 8). What is the highest common factor of w and 91?
7
Let p = -2 + 5. Suppose 2*w + 14 = -4*o, p*o - 2*w = -2*o - 4. Let j be (o/(-4))/(-1)*-24. What is the highest common divisor of j and 132?
12
Suppose -5*d = -3*p - 315 + 6, d = 2*p + 59. Calculate the greatest common factor of d and 21.
21
Let w(r) = 2*r - 12. Let l be w(8). Suppose y = -h + l*y + 23, -y + 99 = 5*h. Let k = h - 7. What is the greatest common divisor of 13 and k?
13
Let y(t) = t**2 - 2*t + 2. Suppose -2 + 0 = -2*a. Suppose -3*g = -13 + a. Let s be y(g). Calculate the greatest common divisor of s and 20.
10
Let a be (-2)/(-4 + 7 - 290/96). Calculate the greatest common factor of a and 48.
48
Suppose -x - w = -2*w - 1, x + 5*w - 7 = 0. What is the greatest common divisor of x and 10?
2
Suppose -4*y + 5 = -5*y. Let v = y + 3. Let h be 0 - (0/v - 40). What is the greatest common divisor of h and 16?
8
Suppose 5*a = -0 - 95. Let l = a - -33. Calculate the highest common divisor of 21 and l.
7
Suppose -n + 46 = -10. Suppose r = -r + n. Let o be 4/(-18) - 76/(-18). What is the greatest common factor of o and r?
4
Let m = 26 + -12. Let z(j) = -j**3 - j - 1. Let n(t) = -15*t**3 + 2*t + 1. Let u(l) = -n(l) - z(l). Let q be u(2). What is the highest common factor of m and q?
14
Suppose -505 = -4*k - l, k + 19 - 140 = 5*l. Calculate the greatest common divisor of k and 14.
14
Suppose 0 = -2*q - 18. Let l be 1 + 3 - 1 - q. Suppose l = 6*w - 3*w. What is the highest common factor of w and 2?
2
Let i(j) = 3*j**3 - 4*j**2 + 3*j - 2. Let h be i(2). Calculate the highest common divisor of h and 8.
4
Suppose -2*b = -2 - 0. Let c be (-11 - -4)*(-2 + b). What is the highest common factor of 28 and c?
7
Let x(l) = -27*l - 4. Let a be x(-2). What is the highest common factor of a and 20?
10
Let q be 4/(-3) - 49/(-3). Calculate the highest common divisor of 10 and q.
5
Let k = 67 + -62. What is the highest common factor of 65 and k?
5
Let n be 6 + (2 - 6*-8). Let a(c) = 2*c**2 + 7*c + 4. Let z = 5 + -9. Let u be a(z). What is the greatest common factor of u and n?
8
Let p(c) = -c - 7. Let a be p(-7). Suppose -r = -5*q + 102, a = 2*r + 2*r - 5*q + 348. Let k = 145 + r. Calculate the highest common divisor of k and 7.
7
Suppose 0*r - 5*s = 2*r - 18, 10 = -5*s. Calculate the highest common divisor of 42 and r.
14
Let r be (-885)/(-60) + (-3)/4. Calculate the highest common divisor of 7 and r.
7
Let d = -56 - -101. Suppose 75 + d = 5*k. Suppose k = -2*h + 3*h. Calculate the greatest common divisor of h and 264.
24
Let l = -153 + -146. Let x = -149 - l. Calculate the greatest common divisor of 60 and x.
30
Suppose 0 = -d + 4*d + 6, 0 = -5*m - 3*d + 19. Let r = m + -2. Let k = 87 - r. Calculate the greatest common factor of k and 12.
12
Suppose -161 = -12*d + 11*d. What is the highest com